{"id":40,"date":"2011-04-06T16:01:11","date_gmt":"2011-04-06T16:01:11","guid":{"rendered":"http:\/\/www.comunaamarastiidejos.ro\/?page_id=40"},"modified":"2011-04-06T19:45:10","modified_gmt":"2011-04-06T19:45:10","slug":"clima","status":"publish","type":"page","link":"https:\/\/comunaamarastiidejos.ro\/?page_id=40","title":{"rendered":"Clima"},"content":{"rendered":"<p>Clima. Am\u0103r\u0103\u015ftii de Jos apar\u021bine zonei climatice temperate, cu influen\u021be mediteraneene datorit\u0103 pozi\u021biei sud &#8211; vestice. Pozi\u021bia \u0219i caracterul depresionar al terenului pe care \u00eel ocup\u0103, \u00een apropiere de curbura lan\u021bului muntos carpato-balcanic, determin\u0103, \u00een ansamblu, o clim\u0103 mai cald\u0103 dec\u00e2t \u00een partea centrala \u0219i nordic\u0103 a \u021b\u0103rii, cu o medie anual\u0103 de 10-11.5\u00b0C.<br \/>\nTemperat continental\u0103 de c\u00e2mpie (u\u015for mai cald\u0103 dec\u00e2t \u00een regiunea<br \/>\ndeluroas\u0103). Temperatura medie a lunii celei mai reci (ianuarie) este de -2,-3\u00b0C.<br \/>\nTemperatura medie a lunii celei mai calde este de 22-24\u00b0C.<br \/>\nPrecipta\u0163iile medii anuale sunt de 500 mm\/an.<br \/>\nV\u00e2nturile predominante sunt cele de est si vest iarna predomin\u0103 viscolul<br \/>\ndinspre r\u0103s\u0103rit si miaz\u0103noapte.<\/p>\n<p>Hidrografia. Apele curg\u0103toare \u015fi lacurile lipsesc. P\u00e2nza de apa subteran\u0103 se<br \/>\ng\u0103se\u015fte la o ad\u00e2ncime de 10-12 m \u015fi \u00een Valea S\u0103li\u015ftii, la 4-5 m.<br \/>\nVegeta\u0163ia. Grup\u0103ri vegetate psaniofite, paji\u015fti stepice xeromezofile de silvostep\u0103, p\u0103duri<br \/>\nde salc\u00e2mi (pe nisipuri).<\/p>\n<p>Relieful. C\u00e2mpie neted\u0103 (C\u00e2mpia Romana\u0163i), cu o aldtudine de 110 m fa\u0163\u0103 de<br \/>\nnivelul m\u0103rii, fragmentat\u0103 de mici dealuri \u015fi v\u00eelcele: (Dealul Godineilor, Dealul<br \/>\nOcolnii, Dealul Frunzarului).<\/p>\n<p>Fauna. Roz\u0103toane, p\u0103s\u0103ri, insecte.<br \/>\nSolurile. Cemoziomuri levigate, cernoziomuri levigate nisipoase; soluri<br \/>\nargiloiluviale nisipoase, soluri argiloiluviale \u015fi nisipuri slab solificate.<\/p>\n<p>Resursele naturale. Terenuri agricole valorificate prin diverse culturi.<\/p>\n","protected":false},"excerpt":{"rendered":"<p>Clima. Am\u0103r\u0103\u015ftii de Jos apar\u021bine zonei climatice temperate, cu influen\u021be mediteraneene datorit\u0103 pozi\u021biei sud &#8211; vestice. Pozi\u021bia \u0219i caracterul depresionar al terenului pe care \u00eel ocup\u0103, \u00een apropiere de curbura lan\u021bului muntos carpato-balcanic, determin\u0103, \u00een ansamblu, o clim\u0103 mai cald\u0103 dec\u00e2t \u00een partea centrala \u0219i nordic\u0103 a \u021b\u0103rii, cu o medie anual\u0103 de 10-11.5\u00b0C. Temperat &hellip; <a href=\"https:\/\/comunaamarastiidejos.ro\/?page_id=40\" class=\"more-link\">Continu\u0103 lectura <span class=\"screen-reader-text\">Clima<\/span> <span class=\"meta-nav\">&rarr;<\/span><\/a><\/p>\n","protected":false},"author":2,"featured_media":0,"parent":264,"menu_order":0,"comment_status":"closed","ping_status":"closed","template":"","meta":{"footnotes":""},"class_list":["post-40","page","type-page","status-publish","hentry"],"_links":{"self":[{"href":"https:\/\/comunaamarastiidejos.ro\/index.php?rest_route=\/wp\/v2\/pages\/40","targetHints":{"allow":["GET"]}}],"collection":[{"href":"https:\/\/comunaamarastiidejos.ro\/index.php?rest_route=\/wp\/v2\/pages"}],"about":[{"href":"https:\/\/comunaamarastiidejos.ro\/index.php?rest_route=\/wp\/v2\/types\/page"}],"author":[{"embeddable":true,"href":"https:\/\/comunaamarastiidejos.ro\/index.php?rest_route=\/wp\/v2\/users\/2"}],"replies":[{"embeddable":true,"href":"https:\/\/comunaamarastiidejos.ro\/index.php?rest_route=%2Fwp%2Fv2%2Fcomments&post=40"}],"version-history":[{"count":8,"href":"https:\/\/comunaamarastiidejos.ro\/index.php?rest_route=\/wp\/v2\/pages\/40\/revisions"}],"predecessor-version":[{"id":359,"href":"https:\/\/comunaamarastiidejos.ro\/index.php?rest_route=\/wp\/v2\/pages\/40\/revisions\/359"}],"up":[{"embeddable":true,"href":"https:\/\/comunaamarastiidejos.ro\/index.php?rest_route=\/wp\/v2\/pages\/264"}],"wp:attachment":[{"href":"https:\/\/comunaamarastiidejos.ro\/index.php?rest_route=%2Fwp%2Fv2%2Fmedia&parent=40"}],"curies":[{"name":"wp","href":"https:\/\/api.w.org\/{rel}","templated":true}]}}

<p>Clima. Amărăştii de Jos aparține zonei climatice temperate, cu influențe mediteraneene datorită poziției sud &#8211; vestice. Poziția și caracterul depresionar al terenului pe care îl ocupă, în apropiere de curbura lanțului muntos carpato-balcanic, determină, în ansamblu, o climă mai caldă decât în partea centrala și nordică a țării, cu o medie anuală de 10-11.5°C.<br />
Temperat continentală de câmpie (uşor mai caldă decât în regiunea<br />
deluroasă). Temperatura medie a lunii celei mai reci (ianuarie) este de -2,-3°C.<br />
Temperatura medie a lunii celei mai calde este de 22-24°C.<br />
Preciptaţiile medii anuale sunt de 500 mm/an.<br />
Vânturile predominante sunt cele de est si vest iarna predomină viscolul<br />
dinspre răsărit si miazănoapte.</p>
<p>Hidrografia. Apele curgătoare şi lacurile lipsesc. Pânza de apa subterană se<br />
găseşte la o adâncime de 10-12 m şi în Valea Săliştii, la 4-5 m.<br />
Vegetaţia. Grupări vegetate psaniofite, pajişti stepice xeromezofile de silvostepă, păduri<br />
de salcâmi (pe nisipuri).</p>
<p>Relieful. Câmpie netedă (Câmpia Romanaţi), cu o aldtudine de 110 m faţă de<br />
nivelul mării, fragmentată de mici dealuri şi vîlcele: (Dealul Godineilor, Dealul<br />
Ocolnii, Dealul Frunzarului).</p>
<p>Fauna. Rozătoane, păsări, insecte.<br />
Solurile. Cemoziomuri levigate, cernoziomuri levigate nisipoase; soluri<br />
argiloiluviale nisipoase, soluri argiloiluviale şi nisipuri slab solificate.</p>
<p>Resursele naturale. Terenuri agricole valorificate prin diverse culturi.</p>

<p>Clima. Amărăştii de Jos aparține zonei climatice temperate, cu influențe mediteraneene datorită poziției sud &#8211; vestice. Poziția și caracterul depresionar al terenului pe care îl ocupă, în apropiere de curbura lanțului muntos carpato-balcanic, determină, în ansamblu, o climă mai caldă decât în partea centrala și nordică a țării, cu o medie anuală de 10-11.5°C. Temperat &hellip; <a href="https://comunaamarastiidejos.ro/?page_id=40" class="more-link">Continuă lectura <span class="screen-reader-text">Clima</span> <span class="meta-nav">&rarr;</span></a></p>
