{"id":36,"date":"2011-04-06T16:00:40","date_gmt":"2011-04-06T16:00:40","guid":{"rendered":"http:\/\/www.comunaamarastiidejos.ro\/?page_id=36"},"modified":"2011-04-06T17:52:51","modified_gmt":"2011-04-06T17:52:51","slug":"populatie","status":"publish","type":"page","link":"https:\/\/comunaamarastiidejos.ro\/?page_id=36","title":{"rendered":"Populatie"},"content":{"rendered":"<table border=\"0\" cellspacing=\"0\" cellpadding=\"2\" width=\"100%\">\n<tbody>\n<tr>\n<td width=\"40%\"><strong>Numele satelor aflate in administratie:<\/strong><\/td>\n<td width=\"60%\">Am\u0103r\u0103\u015ftii de Jos, Praporu, Ocolna<\/td>\n<\/tr>\n<tr>\n<td bgcolor=\"#c8e9fe\"><strong>Suprafata:<\/strong><\/td>\n<td bgcolor=\"#c8e9fe\">6100 ha<\/td>\n<\/tr>\n<tr>\n<td><strong>Intravilan:<\/strong><\/td>\n<td>600 ha<\/td>\n<\/tr>\n<tr>\n<td bgcolor=\"#c8e9fe\"><strong>Extravilan:<\/strong><\/td>\n<td bgcolor=\"#c8e9fe\">5600 ha<\/td>\n<\/tr>\n<tr>\n<td><strong>Populatie:<\/strong><\/td>\n<td>6050<\/td>\n<\/tr>\n<tr>\n<td bgcolor=\"#c8e9fe\"><strong>Gospodarii:<\/strong><\/td>\n<td bgcolor=\"#c8e9fe\">1850<\/td>\n<\/tr>\n<tr>\n<td><strong>Nr. locuinte:<\/strong><\/td>\n<td>1850<\/td>\n<\/tr>\n<tr>\n<td bgcolor=\"#c8e9fe\"><strong>Nr. gradinite:<\/strong><\/td>\n<td bgcolor=\"#c8e9fe\">4<\/td>\n<\/tr>\n<tr>\n<td><strong>Nr. scoli:<\/strong><\/td>\n<td>3<\/td>\n<\/tr>\n<tr>\n<td bgcolor=\"#c8e9fe\"><strong>Nr. licee:<\/strong><\/td>\n<td bgcolor=\"#c8e9fe\">1<\/td>\n<\/tr>\n<tr>\n<td><strong>Nr. universitati:<\/strong><\/td>\n<td>\u00a0<\/td>\n<\/tr>\n<\/tbody>\n<\/table>\n","protected":false},"excerpt":{"rendered":"<p>Numele satelor aflate in administratie: Am\u0103r\u0103\u015ftii de Jos, Praporu, Ocolna Suprafata: 6100 ha Intravilan: 600 ha Extravilan: 5600 ha Populatie: 6050 Gospodarii: 1850 Nr. locuinte: 1850 Nr. gradinite: 4 Nr. scoli: 3 Nr. licee: 1 Nr. universitati: \u00a0<\/p>\n","protected":false},"author":2,"featured_media":0,"parent":264,"menu_order":0,"comment_status":"closed","ping_status":"closed","template":"","meta":{"footnotes":""},"class_list":["post-36","page","type-page","status-publish","hentry"],"_links":{"self":[{"href":"https:\/\/comunaamarastiidejos.ro\/index.php?rest_route=\/wp\/v2\/pages\/36","targetHints":{"allow":["GET"]}}],"collection":[{"href":"https:\/\/comunaamarastiidejos.ro\/index.php?rest_route=\/wp\/v2\/pages"}],"about":[{"href":"https:\/\/comunaamarastiidejos.ro\/index.php?rest_route=\/wp\/v2\/types\/page"}],"author":[{"embeddable":true,"href":"https:\/\/comunaamarastiidejos.ro\/index.php?rest_route=\/wp\/v2\/users\/2"}],"replies":[{"embeddable":true,"href":"https:\/\/comunaamarastiidejos.ro\/index.php?rest_route=%2Fwp%2Fv2%2Fcomments&post=36"}],"version-history":[{"count":6,"href":"https:\/\/comunaamarastiidejos.ro\/index.php?rest_route=\/wp\/v2\/pages\/36\/revisions"}],"predecessor-version":[{"id":303,"href":"https:\/\/comunaamarastiidejos.ro\/index.php?rest_route=\/wp\/v2\/pages\/36\/revisions\/303"}],"up":[{"embeddable":true,"href":"https:\/\/comunaamarastiidejos.ro\/index.php?rest_route=\/wp\/v2\/pages\/264"}],"wp:attachment":[{"href":"https:\/\/comunaamarastiidejos.ro\/index.php?rest_route=%2Fwp%2Fv2%2Fmedia&parent=36"}],"curies":[{"name":"wp","href":"https:\/\/api.w.org\/{rel}","templated":true}]}}

<table border="0" cellspacing="0" cellpadding="2" width="100%">
<tbody>
<tr>
<td width="40%"><strong>Numele satelor aflate in administratie:</strong></td>
<td width="60%">Amărăştii de Jos, Praporu, Ocolna</td>
</tr>
<tr>
<td bgcolor="#c8e9fe"><strong>Suprafata:</strong></td>
<td bgcolor="#c8e9fe">6100 ha</td>
</tr>
<tr>
<td><strong>Intravilan:</strong></td>
<td>600 ha</td>
</tr>
<tr>
<td bgcolor="#c8e9fe"><strong>Extravilan:</strong></td>
<td bgcolor="#c8e9fe">5600 ha</td>
</tr>
<tr>
<td><strong>Populatie:</strong></td>
<td>6050</td>
</tr>
<tr>
<td bgcolor="#c8e9fe"><strong>Gospodarii:</strong></td>
<td bgcolor="#c8e9fe">1850</td>
</tr>
<tr>
<td><strong>Nr. locuinte:</strong></td>
<td>1850</td>
</tr>
<tr>
<td bgcolor="#c8e9fe"><strong>Nr. gradinite:</strong></td>
<td bgcolor="#c8e9fe">4</td>
</tr>
<tr>
<td><strong>Nr. scoli:</strong></td>
<td>3</td>
</tr>
<tr>
<td bgcolor="#c8e9fe"><strong>Nr. licee:</strong></td>
<td bgcolor="#c8e9fe">1</td>
</tr>
<tr>
<td><strong>Nr. universitati:</strong></td>
<td> </td>
</tr>
</tbody>
</table>

<p>Numele satelor aflate in administratie: Amărăştii de Jos, Praporu, Ocolna Suprafata: 6100 ha Intravilan: 600 ha Extravilan: 5600 ha Populatie: 6050 Gospodarii: 1850 Nr. locuinte: 1850 Nr. gradinite: 4 Nr. scoli: 3 Nr. licee: 1 Nr. universitati:  </p>
